 remainder when 813 is divided by 68?
65
What is the remainder when 159 is divided by 5?
4
Calculate the remainder when 945 is divided by 73.
69
What is the remainder when 1342 is divided by 16?
14
Calculate the remainder when 728 is divided by 129.
83
Calculate the remainder when 1563 is divided by 748.
67
What is the remainder when 574 is divided by 25?
24
What is the remainder when 12874 is divided by 243?
238
Calculate the remainder when 12166 is divided by 169.
167
Calculate the remainder when 1476 is divided by 17.
14
What is the remainder when 407 is divided by 5?
2
Calculate the remainder when 1330 is divided by 222.
220
What is the remainder when 789 is divided by 87?
6
Calculate the remainder when 2607 is divided by 163.
162
What is the remainder when 178 is divided by 32?
18
Calculate the remainder when 197 is divided by 189.
8
Calculate the remainder when 556 is divided by 284.
272
Calculate the remainder when 69 is divided by 31.
7
What is the remainder when 50 is divided by 25?
0
Calculate the remainder when 116 is divided by 106.
10
Calculate the remainder when 966 is divided by 49.
35
What is the remainder when 550 is divided by 60?
10
Calculate the remainder when 617 is divided by 48.
41
What is the remainder when 1289 is divided by 426?
11
Calculate the remainder when 64 is divided by 10.
4
Calculate the remainder when 2762 is divided by 79.
76
What is the remainder when 68 is divided by 40?
28
What is the remainder when 136 is divided by 50?
36
What is the remainder when 123 is divided by 73?
50
What is the remainder when 534 is divided by 197?
140
What is the remainder when 594 is divided by 234?
126
What is the remainder when 139 is divided by 57?
25
What is the remainder when 557 is divided by 40?
37
What is the remainder when 2728 is divided by 229?
209
Calculate the remainder when 137 is divided by 20.
17
Calculate the remainder when 299 is divided by 116.
67
What is the remainder when 149 is divided by 57?
35
What is the remainder when 395 is divided by 390?
5
Calculate the remainder when 152 is divided by 22.
20
Calculate the remainder when 46 is divided by 28.
18
What is the remainder when 108 is divided by 26?
4
What is the remainder when 138 is divided by 47?
44
What is the remainder when 2576 is divided by 10?
6
What is the remainder when 3956 is divided by 65?
56
Calculate the remainder when 958 is divided by 8.
6
What is the remainder when 466 is divided by 36?
34
What is the remainder when 595 is divided by 268?
59
What is the remainder when 17 is divided by 6?
5
What is the remainder when 84 is divided by 11?
7
What is the remainder when 6268 is divided by 30?
28
What is the remainder when 919 is divided by 61?
4
Calculate the remainder when 122 is divided by 77.
45
What is the remainder when 465 is divided by 228?
9
What is the remainder when 537 is divided by 106?
7
What is the remainder when 100 is divided by 36?
28
What is the remainder when 92 is divided by 15?
2
What is the remainder when 329 is divided by 11?
10
Calculate the remainder when 219 is divided by 35.
9
What is the remainder when 1154 is divided by 230?
4
What is the remainder when 394 is divided by 79?
78
What is the remainder when 75 is divided by 35?
5
What is the remainder when 520 is divided by 21?
16
Calculate the remainder when 457 is divided by 145.
22
Calculate the remainder when 39 is divided by 3.
0
Calculate the remainder when 640 is divided by 106.
4
Calculate the remainder when 658 is divided by 252.
154
Calculate the remainder when 633 is divided by 80.
73
Calculate the remainder when 74 is divided by 26.
22
What is the remainder when 962 is divided by 107?
106
Calculate the remainder when 886 is divided by 24.
22
What is the remainder when 182 is divided by 16?
6
Calculate the remainder when 186 is divided by 53.
27
What is the remainder when 1742 is divided by 38?
32
Calculate the remainder when 226 is divided by 58.
52
Calculate the remainder when 100 is divided by 25.
0
What is the remainder when 396 is divided by 15?
6
Calculate the remainder when 300 is divided by 78.
66
Calculate the remainder when 20 is divided by 12.
8
What is the remainder when 574 is divided by 570?
4
Calculate the remainder when 10 is divided by 3.
1
Calculate the remainder when 4090 is divided by 256.
250
What is the remainder when 830 is divided by 201?
26
Calculate the remainder when 582 is divided by 100.
82
What is the remainder when 259 is divided by 30?
19
What is the remainder when 68 is divided by 48?
20
What is the remainder when 155 is divided by 13?
12
Calculate the remainder when 578 is divided by 198.
182
What is the remainder when 54 is divided by 11?
10
Calculate the remainder when 1022 is divided by 38.
34
What is the remainder when 198 is divided by 47?
10
Calculate the remainder when 74 is divided by 21.
11
Calculate the remainder when 632 is divided by 107.
97
What is the remainder when 194 is divided by 15?
14
What is the remainder when 6533 is divided by 172?
169
What is the remainder when 1615 is divided by 49?
47
What is the remainder when 450 is divided by 57?
51
What is the remainder when 899 is divided by 132?
107
What is the remainder when 110 is divided by 4?
2
What is the remainder when 2519 is divided by 15?
14
Calculate the remainder when 126 is divided by 33.
27
What is the remainder when 32 is divided by 7?
4
Calculate the remainder when 3924 is divided by 51.
48
What is the remainder when 228 is divided by 45?
3
Calculate the remainder when 22967 is divided by 232.
231
What is the remainder when 34337 is divided by 177?
176
What is the remainder when 49 is divided by 19?
11
Calculate the remainder when 222 is divided by 72.
6
What is the remainder when 1560 is divided by 104?
0
Calculate the remainder when 21 is divided by 14.
7
What is the remainder when 855 is divided by 125?
105
Calculate the remainder when 649 is divided by 35.
19
Calculate the remainder when 152 is divided by 31.
28
Calculate the remainder when 327 is divided by 10.
7
Calculate the remainder when 4739 is divided by 78.
59
What is the remainder when 402 is divided by 101?
99
Calculate the remainder when 375 is divided by 320.
55
Calculate the remainder when 1712 is divided by 46.
10
Calculate the remainder when 69 is divided by 31.
7
Calculate the remainder when 709 is divided by 701.
8
Calculate the remainder when 9513 is divided by 173.
171
What is the remainder when 1058 is divided by 33?
2
What is the remainder when 327 is divided by 41?
40
What is the remainder when 127 is divided by 53?
21
Calculate the remainder when 70 is divided by 33.
4
What is the remainder when 1420 is divided by 79?
77
What is the remainder when 138 is divided by 48?
42
Calculate the remainder when 58 is divided by 14.
2
What is the remainder when 2276 is divided by 54?
8
What is the remainder when 163 is divided by 9?
1
Calculate the remainder when 92 is divided by 24.
20
What is the remainder when 171 is divided by 15?
6
Calculate the remainder when 1524 is divided by 7.
5
Calculate the remainder when 1461 is divided by 67.
54
What is the remainder when 213 is divided by 51?
9
Calculate the remainder when 140 is divided by 24.
20
What is the remainder when 5918 is divided by 63?
59
Calculate the remainder when 869 is divided by 58.
57
What is the remainder when 569 is divided by 13?
10
Calculate the remainder when 467 is divided by 10.
7
What is the remainder when 58 is divided by 20?
18
What is the remainder when 466 is divided by 8?
2
What is the remainder when 4049 is divided by 15?
14
Calculate the remainder when 105 is divided by 97.
8
Calculate the remainder when 75 is divided by 6.
3
What is the remainder when 2004 is divided by 118?
116
Calculate the remainder when 673 is divided by 26.
23
Calculate the remainder when 387 is divided by 65.
62
What is the remainder when 272 is divided by 11?
8
Calculate the remainder when 333 is divided by 5.
3
What is the remainder when 67 is divided by 35?
32
What is the remainder when 5151 is divided by 40?
31
Calculate the remainder when 851 is divided by 284.
283
Calculate the remainder when 94 is divided by 33.
28
Calculate the remainder when 132 is divided by 43.
3
What is the remainder when 1094 is divided by 